{"id":20391,"date":"2025-05-08T14:21:35","date_gmt":"2025-05-08T12:21:35","guid":{"rendered":"https:\/\/6agaleriaart.com\/portfolio_page\/steps\/"},"modified":"2025-05-09T18:10:08","modified_gmt":"2025-05-09T16:10:08","slug":"steps","status":"publish","type":"portfolio_page","link":"https:\/\/6agaleriaart.com\/es\/portfolio_page\/steps\/","title":{"rendered":"STEPS\/ Pablo Casta\u00f1eda \/ Mar\u00eda Jos\u00e9 Gallardo \/ Sof\u00eda Gonz\u00e1lez \/ V\u00edctor Gonz\u00e1lez \/ Jos\u00e9 Carlos Naranjo \/ Javier Parrilla"},"content":{"rendered":"<div class=\"wpb-content-wrapper\"><p>[vc_row css_animation=\u00bb\u00bb row_type=\u00bbrow\u00bb use_row_as_full_screen_section=\u00bbno\u00bb type=\u00bbfull_width\u00bb angled_section=\u00bbno\u00bb text_align=\u00bbleft\u00bb background_image_as_pattern=\u00bbwithout_pattern\u00bb][vc_column][vc_column_text]En colaboraci\u00f3n con la Galer\u00eda BARRERA &#8211; BALD\u00c1N de Sevilla[\/vc_column_text][vc_empty_space][vc_single_image image=\u00bb20404&#8243; img_size=\u00bbfull\u00bb qode_css_animation=\u00bb\u00bb][vc_empty_space][vc_single_image image=\u00bb20348&#8243; img_size=\u00bbfull\u00bb qode_css_animation=\u00bb\u00bb][vc_empty_space][vc_single_image image=\u00bb20351&#8243; img_size=\u00bbfull\u00bb qode_css_animation=\u00bb\u00bb][vc_empty_space][vc_single_image image=\u00bb20387&#8243; img_size=\u00bbfull\u00bb qode_css_animation=\u00bb\u00bb][vc_empty_space][vc_single_image image=\u00bb20381&#8243; img_size=\u00bbfull\u00bb qode_css_animation=\u00bb\u00bb][vc_empty_space][vc_single_image image=\u00bb20366&#8243; img_size=\u00bbfull\u00bb qode_css_animation=\u00bb\u00bb][vc_empty_space][vc_single_image image=\u00bb20372&#8243; img_size=\u00bbfull\u00bb qode_css_animation=\u00bb\u00bb][vc_empty_space][vc_single_image image=\u00bb20354&#8243; img_size=\u00bbfull\u00bb qode_css_animation=\u00bb\u00bb][vc_empty_space][vc_single_image image=\u00bb20360&#8243; img_size=\u00bbfull\u00bb qode_css_animation=\u00bb\u00bb][vc_empty_space][vc_single_image image=\u00bb20375&#8243; img_size=\u00bbfull\u00bb qode_css_animation=\u00bb\u00bb][vc_empty_space][vc_single_image image=\u00bb20378&#8243; img_size=\u00bbfull\u00bb qode_css_animation=\u00bb\u00bb][vc_empty_space][vc_single_image image=\u00bb20357&#8243; img_size=\u00bbfull\u00bb qode_css_animation=\u00bb\u00bb][vc_empty_space][vc_single_image image=\u00bb20363&#8243; img_size=\u00bbfull\u00bb qode_css_animation=\u00bb\u00bb][vc_empty_space][\/vc_column][\/vc_row]<\/p>\n<\/div>","protected":false},"excerpt":{"rendered":"<p>[vc_row css_animation=\u00bb\u00bb row_type=\u00bbrow\u00bb use_row_as_full_screen_section=\u00bbno\u00bb type=\u00bbfull_width\u00bb angled_section=\u00bbno\u00bb text_align=\u00bbleft\u00bb background_image_as_pattern=\u00bbwithout_pattern\u00bb][vc_column][vc_column_text]En colaboraci\u00f3n con la Galer\u00eda BARRERA &#8211; BALD\u00c1N de Sevilla[\/vc_column_text][vc_empty_space][vc_single_image image=\u00bb20404&#8243; img_size=\u00bbfull\u00bb qode_css_animation=\u00bb\u00bb][vc_empty_space][vc_single_image&#8230;<\/p>\n","protected":false},"author":2,"featured_media":20387,"menu_order":35,"comment_status":"open","ping_status":"closed","template":"","portfolio_category":[27],"portfolio_tag":[],"class_list":["post-20391","portfolio_page","type-portfolio_page","status-publish","has-post-thumbnail","hentry","portfolio_category-exposiciones"],"_links":{"self":[{"href":"https:\/\/6agaleriaart.com\/es\/wp-json\/wp\/v2\/portfolio_page\/20391","targetHints":{"allow":["GET"]}}],"collection":[{"href":"https:\/\/6agaleriaart.com\/es\/wp-json\/wp\/v2\/portfolio_page"}],"about":[{"href":"https:\/\/6agaleriaart.com\/es\/wp-json\/wp\/v2\/types\/portfolio_page"}],"author":[{"embeddable":true,"href":"https:\/\/6agaleriaart.com\/es\/wp-json\/wp\/v2\/users\/2"}],"replies":[{"embeddable":true,"href":"https:\/\/6agaleriaart.com\/es\/wp-json\/wp\/v2\/comments?post=20391"}],"wp:featuredmedia":[{"embeddable":true,"href":"https:\/\/6agaleriaart.com\/es\/wp-json\/wp\/v2\/media\/20387"}],"wp:attachment":[{"href":"https:\/\/6agaleriaart.com\/es\/wp-json\/wp\/v2\/media?parent=20391"}],"wp:term":[{"taxonomy":"portfolio_category","embeddable":true,"href":"https:\/\/6agaleriaart.com\/es\/wp-json\/wp\/v2\/portfolio_category?post=20391"},{"taxonomy":"portfolio_tag","embeddable":true,"href":"https:\/\/6agaleriaart.com\/es\/wp-json\/wp\/v2\/portfolio_tag?post=20391"}],"curies":[{"name":"wp","href":"https:\/\/api.w.org\/{rel}","templated":true}]}}

STEPS/ Pablo Castañeda / María José Gallardo / Sofía González / Víctor González / José Carlos Naranjo / Javier Parrilla

<div class="wpb-content-wrapper"><p>[vc_row css_animation=»» row_type=»row» use_row_as_full_screen_section=»no» type=»full_width» angled_section=»no» text_align=»left» background_image_as_pattern=»without_pattern»][vc_column][vc_column_text]En colaboración con la Galería BARRERA &#8211; BALDÁN de Sevilla[/vc_column_text][vc_empty_space][vc_single_image image=»20404&#8243; img_size=»full» qode_css_animation=»»][vc_empty_space][vc_single_image image=»20348&#8243; img_size=»full» qode_css_animation=»»][vc_empty_space][vc_single_image image=»20351&#8243; img_size=»full» qode_css_animation=»»][vc_empty_space][vc_single_image image=»20387&#8243; img_size=»full» qode_css_animation=»»][vc_empty_space][vc_single_image image=»20381&#8243; img_size=»full» qode_css_animation=»»][vc_empty_space][vc_single_image image=»20366&#8243; img_size=»full» qode_css_animation=»»][vc_empty_space][vc_single_image image=»20372&#8243; img_size=»full» qode_css_animation=»»][vc_empty_space][vc_single_image image=»20354&#8243; img_size=»full» qode_css_animation=»»][vc_empty_space][vc_single_image image=»20360&#8243; img_size=»full» qode_css_animation=»»][vc_empty_space][vc_single_image image=»20375&#8243; img_size=»full» qode_css_animation=»»][vc_empty_space][vc_single_image image=»20378&#8243; img_size=»full» qode_css_animation=»»][vc_empty_space][vc_single_image image=»20357&#8243; img_size=»full» qode_css_animation=»»][vc_empty_space][vc_single_image image=»20363&#8243; img_size=»full» qode_css_animation=»»][vc_empty_space][/vc_column][/vc_row]</p>
</div>

<p>[vc_row css_animation=»» row_type=»row» use_row_as_full_screen_section=»no» type=»full_width» angled_section=»no» text_align=»left» background_image_as_pattern=»without_pattern»][vc_column][vc_column_text]En colaboración con la Galería BARRERA &#8211; BALDÁN de Sevilla[/vc_column_text][vc_empty_space][vc_single_image image=»20404&#8243; img_size=»full» qode_css_animation=»»][vc_empty_space][vc_single_image&#8230;</p>
