{"id":20263,"date":"2025-02-21T12:06:34","date_gmt":"2025-02-21T11:06:34","guid":{"rendered":"https:\/\/6agaleriaart.com\/portfolio_page\/sarria-by-fernando-clemente-ruben-guerrero-miki-leal-manuel-m-romero-fernando-pagola-y-juan-suarez\/"},"modified":"2025-05-09T17:51:46","modified_gmt":"2025-05-09T15:51:46","slug":"sarria-by-fernando-clemente-ruben-guerrero-miki-leal-manuel-m-romero-fernando-pagola-y-juan-suarez","status":"publish","type":"portfolio_page","link":"https:\/\/6agaleriaart.com\/es\/portfolio_page\/sarria-by-fernando-clemente-ruben-guerrero-miki-leal-manuel-m-romero-fernando-pagola-y-juan-suarez\/","title":{"rendered":"SARRI\u00c0 \/ FERNANDO CLEMENTE \/ RUB\u00c9N GUERRERO \/ MIKI LEAL \/ MANUEL M. ROMERO \/ FERNANDO PAGOLA \/ JUAN SU\u00c1REZ"},"content":{"rendered":"<div class=\"wpb-content-wrapper\"><p>[vc_row css_animation=\u00bb\u00bb row_type=\u00bbrow\u00bb use_row_as_full_screen_section=\u00bbno\u00bb type=\u00bbfull_width\u00bb angled_section=\u00bbno\u00bb text_align=\u00bbleft\u00bb background_image_as_pattern=\u00bbwithout_pattern\u00bb css=\u00bb.vc_custom_1495899297494{padding-top: 60px !important;padding-right: 40px !important;padding-bottom: 50px !important;padding-left: 40px !important;background-color: #f6f6f6 !important;}\u00bb][vc_column][vc_empty_space height=\u00bb10px\u00bb][vc_single_image image=\u00bb20237&#8243; img_size=\u00bbfull\u00bb qode_css_animation=\u00bb\u00bb][vc_empty_space height=\u00bb10px\u00bb][vc_single_image image=\u00bb20249&#8243; img_size=\u00bbfull\u00bb qode_css_animation=\u00bb\u00bb][vc_empty_space height=\u00bb10px\u00bb][vc_single_image image=\u00bb20243&#8243; img_size=\u00bbfull\u00bb qode_css_animation=\u00bb\u00bb][vc_empty_space height=\u00bb10px\u00bb][vc_single_image image=\u00bb20246&#8243; img_size=\u00bbfull\u00bb qode_css_animation=\u00bb\u00bb][vc_empty_space height=\u00bb10px\u00bb][vc_single_image image=\u00bb20240&#8243; img_size=\u00bbfull\u00bb qode_css_animation=\u00bb\u00bb][vc_empty_space height=\u00bb10px\u00bb][vc_single_image image=\u00bb20261&#8243; img_size=\u00bbfull\u00bb qode_css_animation=\u00bb\u00bb][vc_empty_space height=\u00bb10px\u00bb][vc_single_image image=\u00bb20258&#8243; img_size=\u00bbfull\u00bb qode_css_animation=\u00bb\u00bb][vc_empty_space height=\u00bb10px\u00bb][vc_single_image image=\u00bb20252&#8243; img_size=\u00bbfull\u00bb qode_css_animation=\u00bb\u00bb][vc_empty_space height=\u00bb10px\u00bb][vc_single_image image=\u00bb20255&#8243; img_size=\u00bbfull\u00bb qode_css_animation=\u00bb\u00bb][vc_empty_space height=\u00bb10px\u00bb][vc_column_text]<\/p>\n<p class=\"cvGsUA direction-ltr align-justify para-style-body\"><span class=\"OYPEnA font-feature-liga-off font-feature-clig-off font-feature-calt-off text-decoration-none text-strikethrough-none\">\u201cSARRI\u00c0\u201d \u00e9s un projecte que va comen\u00e7ar a gestar-se fa m\u00e9s d&#8217;un any, arran del contacte entre l&#8217;artista Fernando Pagola i el comissari, Sema d\u2019Acosta, entorn a la bona pintura.<\/span><\/p>\n<p class=\"cvGsUA direction-ltr align-justify para-style-body\"><span class=\"OYPEnA font-feature-liga-off font-feature-clig-off font-feature-calt-off text-decoration-none text-strikethrough-none\">Era doncs, inevitablement, un projecte ja encap\u00e7alat pels reconeguts pintors: FERNANDO CLEMENTE (Jerez de la Frontera. Cadis, 1975), RUB\u00c9N GUERRERO (Sevilla, 1976), MIKI LEAL (Sevilla, 1975), MANUEL M. ROMERO (Sevilla, 1993), el mateix FERNANDO PAGOLA (Sant Sebasti\u00e0, 1961) i JUAN SU\u00c1REZ (Puerto de Santa Mar\u00eda. C\u00e1diz, 1946).<\/span><\/p>\n<p class=\"cvGsUA direction-ltr align-justify para-style-body\"><span class=\"OYPEnA font-feature-liga-off font-feature-clig-off font-feature-calt-off text-decoration-none text-strikethrough-none\">Per primera vegada els sis creadors es reuneixen entorn d&#8217;un projecte que va m\u00e9s enll\u00e0 del purament expositiu, en el qual la pintura \u00e9s protagonista indiscutible.<\/span><\/p>\n<p class=\"cvGsUA direction-ltr align-justify para-style-body\"><span class=\"OYPEnA font-feature-liga-off font-feature-clig-off font-feature-calt-off text-decoration-none text-strikethrough-none\">Gr\u00e0cies al fet que Fernando Pagola treballa amb la 6A des del 2010, es va comptar des d&#8217;un bon principi amb la complicitat per part de la Galeria, oferint el seu potencial, amb l&#8217;objectiu de sumar a l&#8217;experi\u00e8ncia pict\u00f2rica, amb l&#8217;experi\u00e8ncia litogr\u00e0fica, consolidant-se un gran projecte expositiu, que celebrem amb la pr\u00f2xima inauguraci\u00f3.<\/span><\/p>\n<p class=\"cvGsUA direction-ltr align-justify para-style-body\"><span class=\"OYPEnA font-feature-liga-off font-feature-clig-off font-feature-calt-off text-decoration-none text-strikethrough-none\">En el cam\u00ed s&#8217;han sumat peces clau per a arribar a bon port, com \u00e9s la figura dels col\u00b7leccionistes, Luis Garc\u00eda- Ruiz Guasp i Mal\u00e9n Pujol, que gr\u00e0cies a la seva generositat i hospitalitat, han convertit la possessi\u00f3 Sarri\u00e0, que dona t\u00edtol a la mostra, en una sort d&#8217;espont\u00e0nia resid\u00e8ncia art\u00edstica, testimoni directe del proc\u00e9s creatiu, aix\u00ed com del rep\u00f2s que requereixen les intenses sessions en el Taller 6A, amb el proc\u00e9s litogr\u00e0fic com a protagonista indiscutible, resultant un excepcional corpus d&#8217;obra gr\u00e0fica original, juntament amb peces pict\u00f2riques confeccionades expressament per a l&#8217;ocasi\u00f3. Igualment, s&#8217;han sumat altres peces clau, que amb el seu suport han creat l&#8217;avantsala id\u00f2nia del projecte.<\/span><\/p>\n<p class=\"cvGsUA direction-ltr align-justify para-style-body\"><span class=\"OYPEnA font-feature-liga-off font-feature-clig-off font-feature-calt-off text-decoration-none text-strikethrough-none\">\u201cSARRI\u00c0\u201d \u00e9s experi\u00e8ncia pict\u00f2rica, t\u00e8cnica, \u00e9s experi\u00e8ncia litogr\u00e0fica, \u00e9s experi\u00e8ncia purament vital impulsada per la pintura, i que supera qualsevol proposta expositiva, sense m\u00e9s.<\/span><\/p>\n<p class=\"cvGsUA direction-ltr align-justify para-style-body\"><span class=\"OYPEnA font-feature-liga-off font-feature-clig-off font-feature-calt-off text-decoration-none text-strikethrough-none\">Els sis noms que signen la proposta, s\u00f3n sin\u00f2nim de destacades i coherents traject\u00f2ries en l&#8217;\u00e0mbit nacional i internacional. Les seves s\u00f3n obres, que s&#8217;han convertit en reclam de la pintura per la pintura. Una finestra que s&#8217;obre al debat en el qual es posicionen clarament com a defensors d&#8217;una pintura honesta.<\/span><\/p>\n<p class=\"cvGsUA direction-ltr align-justify para-style-body\"><span class=\"OYPEnA font-feature-liga-off font-feature-clig-off font-feature-calt-off text-decoration-none text-strikethrough-none\">Les coincid\u00e8ncies entre els sis creadors, que en alguns casos van m\u00e9s enll\u00e0 de la pintura, han fet inevitable aquesta trobada, una posada en escena en la qual sis discursos pict\u00f2rics, cadascun amb segell propi, envaeixen, gratament, els pr\u00f2xims mesos els dos espais que conformen la 6A.<\/span><\/p>\n<p class=\"cvGsUA direction-ltr align-justify para-style-body\"><span class=\"OYPEnA font-feature-liga-off font-feature-clig-off font-feature-calt-off text-decoration-none text-strikethrough-none\">Han estat mesos molt intensos, en els quals la Casa 6A ha aconseguit, en estreta col\u00b7laboraci\u00f3 amb tan magn\u00edfics creadors, una proposta ambiciosa, que rarament es dona en el camp de les t\u00e8cniques d&#8217;estampaci\u00f3 tradicionals, en la qual s&#8217;han editat 18 imatges, s&#8217;han estampat 72 matrius entre pedres litogr\u00e0fiques i altres matrius complement\u00e0ries, s&#8217;han estampat 846 papers, i aix\u00f2 ha suposat 3.152 passades per la premsa litogr\u00e0fica o el t\u00f2rcul, mostrant expressament que \u201cSARRI\u00c0\u201d no \u00e9s anecd\u00f2tica, \u00e9s la prova de la capacitat que t\u00e9 la pintura, no sols per a remoure emocions, sin\u00f3 tamb\u00e9 per a estimular mecanismes impensables que han fet possible una exposici\u00f3 \u00fanica.<\/span><\/p>\n<h5><span class=\"OYPEnA font-feature-liga-off font-feature-clig-off font-feature-calt-off text-decoration-none text-strikethrough-none\">SARRI\u00c0 per SEMA D\u2019ACOSTA (Curador del projecte)<\/span><\/h5>\n<p class=\"cvGsUA direction-ltr align-justify para-style-body\"><span class=\"OYPEnA font-feature-liga-off font-feature-clig-off font-feature-calt-off text-decoration-none text-strikethrough-none\">SARRI\u00c0 no \u00e9s exactament una exposici\u00f3. O s\u00ed, tamb\u00e9, per\u00f2 no sols aix\u00f2. No \u00e9s f\u00e0cil de delimitar. \u00c9s un projecte a mitj\u00e0 i llarg termini els fruits del qual es veuran amb el temps. Sembrar amb profit significa assumir que s&#8217;ha d&#8217;esperar per a veure les conseq\u00fc\u00e8ncies, no es pot recollir una bona collita en uns mesos. El que ara presentem aqu\u00ed \u00e9s el resultat d&#8217;una idea posada en marxa aquesta tardor que, en una dels seus vessants, s&#8217;ha concretat en una s\u00e8rie de gravats, al que s&#8217;han sumat diverses peces m\u00e9s. Realment, el fonamental d&#8217;aquesta proposta, la qual cosa li dona sentit, \u00e9s una cosa intangible que t\u00e9 a veure amb una mena d&#8217;experi\u00e8ncia vivencial -cada vegada menys comuna-, que prioritza la trobada distesa i l&#8217;intercanvi. El punt de partida ha estat l&#8217;amistat entre Sema D\u2019Acosta i Fernando Pagola, una connexi\u00f3 que ha servit per a tendir un pont entre Sevilla i Palma a trav\u00e9s de la pintura. L&#8217;epicentre i nucli catalitzador d&#8217;aquest encreuament ha estat la 6A TALLER I GALERIA D\u2019ART, que assumeix amb aquesta gran aposta un dels projectes gr\u00e0fics m\u00e9s rellevants del moment a Espanya . Per descomptat, tenen especial protagonisme artistes com Fernando Clemente, Miki Leal, Rub\u00e9n Guerrero, Juan Su\u00e1rez i Manuel M. Romero. I, sobretot, Luis Garc\u00eda-Ruiz i Mal\u00e9n Pujol, que han exercit d&#8217;amfitrions per a cedir la seva casa com a resid\u00e8ncia art\u00edstica. No existeix en el m\u00f3n un lloc millor que Sarri\u00e0 per a travar amistat i crear vincles. Tamb\u00e9 Teresa Castella i Joan Buades o Rosa Maria Reg\u00ed i Fernando Rotger han abrigallat la iniciativa amb la seva complicitat. D&#8217;aquesta intensa conviv\u00e8ncia, han sorgit correspond\u00e8ncies i s&#8217;han creat din\u00e0miques, les m\u00e9s fructuoses encara per con\u00e8ixer.<\/span><\/p>\n<p class=\"cvGsUA direction-ltr align-justify para-style-body\"><span class=\"OYPEnA font-feature-liga-off font-feature-clig-off font-feature-calt-off text-decoration-none text-strikethrough-none\">No s&#8217;ha plantejat una finalitat concreta per a aquest projecte obert al qual hem denominat SARRI\u00c0, es tracta de fer cam\u00ed en caminar, d&#8217;entendre aquesta conflu\u00e8ncia com un motor capa\u00e7 de generar in\u00e8rcies que potencien el context mallorqu\u00ed de l&#8217;art contemporani a partir de la implicaci\u00f3, sense estrat\u00e8gies ni objectius marcats m\u00e9s enll\u00e0 de compartir experi\u00e8ncies comunes amb qualsevol que tingui una sensibilitat similar entorn de la pintura. Al cap i a la fi, darrere de cada treball sempre hi ha persones. I si el primer no \u00e9s l&#8217;hum\u00e0, l&#8217;obra hauria de tenir menys inter\u00e8s. En aquest cas, cadascun sent fidel al seu estil ha presentat una s\u00e8rie de peces que prioritzen aspectes que conjuguen l&#8217;est\u00e8tic i el reflexiu. L&#8217;associaci\u00f3 d&#8217;unes i altres cerca un tipus de fricci\u00f3 positiva a partir d&#8217;elements contigus des d&#8217;un territori expressiu lligat a la no figuraci\u00f3, majorment. La compatibilitat s&#8217;estableix perqu\u00e8 tots opten per un llenguatge de processament lent que evita la representaci\u00f3 directa del m\u00f3n i opta per altres opcions de codificaci\u00f3 m\u00e9s complexa i lectura m\u00e9s pausada.<\/span><\/p>\n<p>[\/vc_column_text][vc_empty_space height=\u00bb10px\u00bb][\/vc_column][\/vc_row]<\/p>\n<\/div>","protected":false},"excerpt":{"rendered":"<p>[vc_row css_animation=\u00bb\u00bb row_type=\u00bbrow\u00bb use_row_as_full_screen_section=\u00bbno\u00bb type=\u00bbfull_width\u00bb angled_section=\u00bbno\u00bb text_align=\u00bbleft\u00bb background_image_as_pattern=\u00bbwithout_pattern\u00bb css=\u00bb.vc_custom_1495899297494{padding-top: 60px !important;padding-right: 40px !important;padding-bottom: 50px !important;padding-left: 40px !important;background-color: #f6f6f6 !important;}\u00bb][vc_column][vc_empty_space height=\u00bb10px\u00bb][vc_single_image&#8230;<\/p>\n","protected":false},"author":2,"featured_media":20261,"menu_order":34,"comment_status":"open","ping_status":"closed","template":"","portfolio_category":[27],"portfolio_tag":[],"class_list":["post-20263","portfolio_page","type-portfolio_page","status-publish","has-post-thumbnail","hentry","portfolio_category-exposiciones"],"_links":{"self":[{"href":"https:\/\/6agaleriaart.com\/es\/wp-json\/wp\/v2\/portfolio_page\/20263","targetHints":{"allow":["GET"]}}],"collection":[{"href":"https:\/\/6agaleriaart.com\/es\/wp-json\/wp\/v2\/portfolio_page"}],"about":[{"href":"https:\/\/6agaleriaart.com\/es\/wp-json\/wp\/v2\/types\/portfolio_page"}],"author":[{"embeddable":true,"href":"https:\/\/6agaleriaart.com\/es\/wp-json\/wp\/v2\/users\/2"}],"replies":[{"embeddable":true,"href":"https:\/\/6agaleriaart.com\/es\/wp-json\/wp\/v2\/comments?post=20263"}],"wp:featuredmedia":[{"embeddable":true,"href":"https:\/\/6agaleriaart.com\/es\/wp-json\/wp\/v2\/media\/20261"}],"wp:attachment":[{"href":"https:\/\/6agaleriaart.com\/es\/wp-json\/wp\/v2\/media?parent=20263"}],"wp:term":[{"taxonomy":"portfolio_category","embeddable":true,"href":"https:\/\/6agaleriaart.com\/es\/wp-json\/wp\/v2\/portfolio_category?post=20263"},{"taxonomy":"portfolio_tag","embeddable":true,"href":"https:\/\/6agaleriaart.com\/es\/wp-json\/wp\/v2\/portfolio_tag?post=20263"}],"curies":[{"name":"wp","href":"https:\/\/api.w.org\/{rel}","templated":true}]}}

SARRIÀ / FERNANDO CLEMENTE / RUBÉN GUERRERO / MIKI LEAL / MANUEL M. ROMERO / FERNANDO PAGOLA / JUAN SUÁREZ

<div class="wpb-content-wrapper"><p>[vc_row css_animation=»» row_type=»row» use_row_as_full_screen_section=»no» type=»full_width» angled_section=»no» text_align=»left» background_image_as_pattern=»without_pattern» css=».vc_custom_1495899297494{padding-top: 60px !important;padding-right: 40px !important;padding-bottom: 50px !important;padding-left: 40px !important;background-color: #f6f6f6 !important;}»][vc_column][vc_empty_space height=»10px»][vc_single_image image=»20237&#8243; img_size=»full» qode_css_animation=»»][vc_empty_space height=»10px»][vc_single_image image=»20249&#8243; img_size=»full» qode_css_animation=»»][vc_empty_space height=»10px»][vc_single_image image=»20243&#8243; img_size=»full» qode_css_animation=»»][vc_empty_space height=»10px»][vc_single_image image=»20246&#8243; img_size=»full» qode_css_animation=»»][vc_empty_space height=»10px»][vc_single_image image=»20240&#8243; img_size=»full» qode_css_animation=»»][vc_empty_space height=»10px»][vc_single_image image=»20261&#8243; img_size=»full» qode_css_animation=»»][vc_empty_space height=»10px»][vc_single_image image=»20258&#8243; img_size=»full» qode_css_animation=»»][vc_empty_space height=»10px»][vc_single_image image=»20252&#8243; img_size=»full» qode_css_animation=»»][vc_empty_space height=»10px»][vc_single_image image=»20255&#8243; img_size=»full» qode_css_animation=»»][vc_empty_space height=»10px»][vc_column_text]</p>
<p class="cvGsUA direction-ltr align-justify para-style-body"><span class="OYPEnA font-feature-liga-off font-feature-clig-off font-feature-calt-off text-decoration-none text-strikethrough-none">“SARRIÀ” és un projecte que va començar a gestar-se fa més d&#8217;un any, arran del contacte entre l&#8217;artista Fernando Pagola i el comissari, Sema d’Acosta, entorn a la bona pintura.</span></p>
<p class="cvGsUA direction-ltr align-justify para-style-body"><span class="OYPEnA font-feature-liga-off font-feature-clig-off font-feature-calt-off text-decoration-none text-strikethrough-none">Era doncs, inevitablement, un projecte ja encapçalat pels reconeguts pintors: FERNANDO CLEMENTE (Jerez de la Frontera. Cadis, 1975), RUBÉN GUERRERO (Sevilla, 1976), MIKI LEAL (Sevilla, 1975), MANUEL M. ROMERO (Sevilla, 1993), el mateix FERNANDO PAGOLA (Sant Sebastià, 1961) i JUAN SUÁREZ (Puerto de Santa María. Cádiz, 1946).</span></p>
<p class="cvGsUA direction-ltr align-justify para-style-body"><span class="OYPEnA font-feature-liga-off font-feature-clig-off font-feature-calt-off text-decoration-none text-strikethrough-none">Per primera vegada els sis creadors es reuneixen entorn d&#8217;un projecte que va més enllà del purament expositiu, en el qual la pintura és protagonista indiscutible.</span></p>
<p class="cvGsUA direction-ltr align-justify para-style-body"><span class="OYPEnA font-feature-liga-off font-feature-clig-off font-feature-calt-off text-decoration-none text-strikethrough-none">Gràcies al fet que Fernando Pagola treballa amb la 6A des del 2010, es va comptar des d&#8217;un bon principi amb la complicitat per part de la Galeria, oferint el seu potencial, amb l&#8217;objectiu de sumar a l&#8217;experiència pictòrica, amb l&#8217;experiència litogràfica, consolidant-se un gran projecte expositiu, que celebrem amb la pròxima inauguració.</span></p>
<p class="cvGsUA direction-ltr align-justify para-style-body"><span class="OYPEnA font-feature-liga-off font-feature-clig-off font-feature-calt-off text-decoration-none text-strikethrough-none">En el camí s&#8217;han sumat peces clau per a arribar a bon port, com és la figura dels col·leccionistes, Luis García- Ruiz Guasp i Malén Pujol, que gràcies a la seva generositat i hospitalitat, han convertit la possessió Sarrià, que dona títol a la mostra, en una sort d&#8217;espontània residència artística, testimoni directe del procés creatiu, així com del repòs que requereixen les intenses sessions en el Taller 6A, amb el procés litogràfic com a protagonista indiscutible, resultant un excepcional corpus d&#8217;obra gràfica original, juntament amb peces pictòriques confeccionades expressament per a l&#8217;ocasió. Igualment, s&#8217;han sumat altres peces clau, que amb el seu suport han creat l&#8217;avantsala idònia del projecte.</span></p>
<p class="cvGsUA direction-ltr align-justify para-style-body"><span class="OYPEnA font-feature-liga-off font-feature-clig-off font-feature-calt-off text-decoration-none text-strikethrough-none">“SARRIÀ” és experiència pictòrica, tècnica, és experiència litogràfica, és experiència purament vital impulsada per la pintura, i que supera qualsevol proposta expositiva, sense més.</span></p>
<p class="cvGsUA direction-ltr align-justify para-style-body"><span class="OYPEnA font-feature-liga-off font-feature-clig-off font-feature-calt-off text-decoration-none text-strikethrough-none">Els sis noms que signen la proposta, són sinònim de destacades i coherents trajectòries en l&#8217;àmbit nacional i internacional. Les seves són obres, que s&#8217;han convertit en reclam de la pintura per la pintura. Una finestra que s&#8217;obre al debat en el qual es posicionen clarament com a defensors d&#8217;una pintura honesta.</span></p>
<p class="cvGsUA direction-ltr align-justify para-style-body"><span class="OYPEnA font-feature-liga-off font-feature-clig-off font-feature-calt-off text-decoration-none text-strikethrough-none">Les coincidències entre els sis creadors, que en alguns casos van més enllà de la pintura, han fet inevitable aquesta trobada, una posada en escena en la qual sis discursos pictòrics, cadascun amb segell propi, envaeixen, gratament, els pròxims mesos els dos espais que conformen la 6A.</span></p>
<p class="cvGsUA direction-ltr align-justify para-style-body"><span class="OYPEnA font-feature-liga-off font-feature-clig-off font-feature-calt-off text-decoration-none text-strikethrough-none">Han estat mesos molt intensos, en els quals la Casa 6A ha aconseguit, en estreta col·laboració amb tan magnífics creadors, una proposta ambiciosa, que rarament es dona en el camp de les tècniques d&#8217;estampació tradicionals, en la qual s&#8217;han editat 18 imatges, s&#8217;han estampat 72 matrius entre pedres litogràfiques i altres matrius complementàries, s&#8217;han estampat 846 papers, i això ha suposat 3.152 passades per la premsa litogràfica o el tòrcul, mostrant expressament que “SARRIÀ” no és anecdòtica, és la prova de la capacitat que té la pintura, no sols per a remoure emocions, sinó també per a estimular mecanismes impensables que han fet possible una exposició única.</span></p>
<h5><span class="OYPEnA font-feature-liga-off font-feature-clig-off font-feature-calt-off text-decoration-none text-strikethrough-none">SARRIÀ per SEMA D’ACOSTA (Curador del projecte)</span></h5>
<p class="cvGsUA direction-ltr align-justify para-style-body"><span class="OYPEnA font-feature-liga-off font-feature-clig-off font-feature-calt-off text-decoration-none text-strikethrough-none">SARRIÀ no és exactament una exposició. O sí, també, però no sols això. No és fàcil de delimitar. És un projecte a mitjà i llarg termini els fruits del qual es veuran amb el temps. Sembrar amb profit significa assumir que s&#8217;ha d&#8217;esperar per a veure les conseqüències, no es pot recollir una bona collita en uns mesos. El que ara presentem aquí és el resultat d&#8217;una idea posada en marxa aquesta tardor que, en una dels seus vessants, s&#8217;ha concretat en una sèrie de gravats, al que s&#8217;han sumat diverses peces més. Realment, el fonamental d&#8217;aquesta proposta, la qual cosa li dona sentit, és una cosa intangible que té a veure amb una mena d&#8217;experiència vivencial -cada vegada menys comuna-, que prioritza la trobada distesa i l&#8217;intercanvi. El punt de partida ha estat l&#8217;amistat entre Sema D’Acosta i Fernando Pagola, una connexió que ha servit per a tendir un pont entre Sevilla i Palma a través de la pintura. L&#8217;epicentre i nucli catalitzador d&#8217;aquest encreuament ha estat la 6A TALLER I GALERIA D’ART, que assumeix amb aquesta gran aposta un dels projectes gràfics més rellevants del moment a Espanya . Per descomptat, tenen especial protagonisme artistes com Fernando Clemente, Miki Leal, Rubén Guerrero, Juan Suárez i Manuel M. Romero. I, sobretot, Luis García-Ruiz i Malén Pujol, que han exercit d&#8217;amfitrions per a cedir la seva casa com a residència artística. No existeix en el món un lloc millor que Sarrià per a travar amistat i crear vincles. També Teresa Castella i Joan Buades o Rosa Maria Regí i Fernando Rotger han abrigallat la iniciativa amb la seva complicitat. D&#8217;aquesta intensa convivència, han sorgit correspondències i s&#8217;han creat dinàmiques, les més fructuoses encara per conèixer.</span></p>
<p class="cvGsUA direction-ltr align-justify para-style-body"><span class="OYPEnA font-feature-liga-off font-feature-clig-off font-feature-calt-off text-decoration-none text-strikethrough-none">No s&#8217;ha plantejat una finalitat concreta per a aquest projecte obert al qual hem denominat SARRIÀ, es tracta de fer camí en caminar, d&#8217;entendre aquesta confluència com un motor capaç de generar inèrcies que potencien el context mallorquí de l&#8217;art contemporani a partir de la implicació, sense estratègies ni objectius marcats més enllà de compartir experiències comunes amb qualsevol que tingui una sensibilitat similar entorn de la pintura. Al cap i a la fi, darrere de cada treball sempre hi ha persones. I si el primer no és l&#8217;humà, l&#8217;obra hauria de tenir menys interès. En aquest cas, cadascun sent fidel al seu estil ha presentat una sèrie de peces que prioritzen aspectes que conjuguen l&#8217;estètic i el reflexiu. L&#8217;associació d&#8217;unes i altres cerca un tipus de fricció positiva a partir d&#8217;elements contigus des d&#8217;un territori expressiu lligat a la no figuració, majorment. La compatibilitat s&#8217;estableix perquè tots opten per un llenguatge de processament lent que evita la representació directa del món i opta per altres opcions de codificació més complexa i lectura més pausada.</span></p>
<p>[/vc_column_text][vc_empty_space height=»10px»][/vc_column][/vc_row]</p>
</div>
