{"id":18982,"date":"2022-08-30T12:51:07","date_gmt":"2022-08-30T10:51:07","guid":{"rendered":"https:\/\/6agaleriaart.com\/portfolio_page\/6asis\/"},"modified":"2022-09-01T17:15:36","modified_gmt":"2022-09-01T15:15:36","slug":"6asis","status":"publish","type":"portfolio_page","link":"https:\/\/6agaleriaart.com\/es\/portfolio_page\/6asis\/","title":{"rendered":"6ASIS"},"content":{"rendered":"<div class=\"wpb-content-wrapper\"><p>[vc_row css_animation=\u00bb\u00bb row_type=\u00bbrow\u00bb use_row_as_full_screen_section=\u00bbno\u00bb type=\u00bbfull_width\u00bb angled_section=\u00bbno\u00bb text_align=\u00bbleft\u00bb background_image_as_pattern=\u00bbwithout_pattern\u00bb css=\u00bb.vc_custom_1495899297494{padding-top: 60px !important;padding-right: 40px !important;padding-bottom: 50px !important;padding-left: 40px !important;background-color: #f6f6f6 !important;}\u00bb][vc_column][vc_single_image image=\u00bb18965&#8243; img_size=\u00bbfull\u00bb alignment=\u00bbcenter\u00bb qode_css_animation=\u00bb\u00bb][vc_empty_space][vc_single_image image=\u00bb18962&#8243; img_size=\u00bbfull\u00bb alignment=\u00bbcenter\u00bb qode_css_animation=\u00bb\u00bb][vc_empty_space][vc_single_image image=\u00bb18955&#8243; img_size=\u00bbfull\u00bb alignment=\u00bbcenter\u00bb qode_css_animation=\u00bb\u00bb][vc_empty_space][vc_single_image image=\u00bb18959&#8243; img_size=\u00bbfull\u00bb alignment=\u00bbcenter\u00bb qode_css_animation=\u00bb\u00bb][vc_empty_space][vc_single_image image=\u00bb18980&#8243; img_size=\u00bbfull\u00bb alignment=\u00bbcenter\u00bb qode_css_animation=\u00bb\u00bb][vc_empty_space][vc_single_image image=\u00bb18968&#8243; img_size=\u00bbfull\u00bb alignment=\u00bbcenter\u00bb qode_css_animation=\u00bb\u00bb][vc_empty_space][vc_single_image image=\u00bb18974&#8243; img_size=\u00bbfull\u00bb alignment=\u00bbcenter\u00bb qode_css_animation=\u00bb\u00bb][vc_empty_space][vc_column_text]<\/p>\n<h4>6ASIS \/ LOLA BERENGUER \/ EMMANUEL LAFONT \/ PABLO L. MART\u00cdNEZ \/ FERNANDO PAGOLA \/ PEPA SATU\u00c9 \/ CARLES VALVERDE<\/h4>\n<p>[\/vc_column_text][vc_empty_space height=\u00bb10px\u00bb][vc_column_text]Una vez m\u00e1s 6A TALLER I GALERIA D\u2019ART se enorgullece de presentar 6 A SIS, un proyecto encabezado por Lola Berenguer (El Ejido, Almer\u00eda, 1965), Emmanuel Lafont (Buenos Aires, 1980), Pablo Leonardo Mart\u00ednez (La Habana, Cuba, 1961), Fernando Pagola (San Sebasti\u00e1n, 1961), Pepa Satu\u00e9 (Sevilla, 1960) y Carlos Valverde (Barcelona, 1965). Continuando con la celebraci\u00f3n del 40 aniversario de nuestro centro, hemos querido que quedara reflejado la estima que tanto nuestro equipo como los artistas tenemos en cuanto a los procesos art\u00edsticos y la preservaci\u00f3n de las t\u00e9cnicas de estampaci\u00f3n. Es por ese motivo que, sin aparente conexi\u00f3n de estilos, hemos juntado a estos seis artistas bajo el mismo techo. Siendo residentes fuera de Mallorca, todos ellos<br \/>\nest\u00e1n unidos por el mismo lazo: la creaci\u00f3n art\u00edstica de obra gr\u00e1fica original en el hist\u00f3rico Taller 6A, alma de la casa. LOLA BERENGUER, fiel a su estilo de abstracci\u00f3n geom\u00e9trica, nos cautiva en esta ocasi\u00f3n gracias a nuevos patrones. Tanto en la obra gr\u00e1fica original como en la obra \u00fanica, la l\u00ednea recta acent\u00faa su presencia; las cuadr\u00edculas y los semic\u00edrculos se unen en un baile impregnados de color. Armon\u00eda y equilibrio son siempre sin\u00f3nimos de la obra propia. EMMANUEL LAFONT nos sorprende por primera vez con un uso exagerado del color. Sus dos vertientes, una m\u00e1s surrealista y la otra hiperrealista, se unen y se desprenden de las composiciones monocromas para dar paso a una explosi\u00f3n de colores. Los sue\u00f1os y la realidad se encuentran en una abstracci\u00f3n figurativa, donde muestra, por una parte, su percepci\u00f3n m\u00e1s fant\u00e1stica en la obra gr\u00e1fica; y por otro su realidad m\u00e1s \u00edntima en la obra \u00fanica. PABLO LEONARDO MART\u00cdNEZ nos obsequia con un culto a la madera. Despu\u00e9s de haber trabajado con todo tipo de materiales, nos ofrece dos obras \u00fanicas en las que lo org\u00e1nico y lo abstracto se unen, se mezclan, y dan como resultado la serie Llavors, el retorno a la Tierra. Es la combinaci\u00f3n perfecta entre lo natural y lo material. FERNANDO PAGOLA, haciendo honor a su lema \u201cinevitable dibujar vol\u00famenes\u201d, nos abre sus puertas a sus dibujos de agenda. Se tratan de dibujos geom\u00e9tricos con vol\u00famenes que muestran inter\u00e9s en la creaci\u00f3n del espacio y de las formas a partir de su superposici\u00f3n. Su relaci\u00f3n con la arquitectura y el espacio llaman de nuevo a nuestra puerta para presentarnos la parte m\u00e1s \u00edntima, m\u00e1s propia, donde lo mec\u00e1nico se transforma en figuras geom\u00e9tricas con una personalidad desbordante. PEPA SATU\u00c9 presenta, una vez m\u00e1s, la inmensidad de los vol\u00famenes y los juegos de la abstracci\u00f3n geom\u00e9trica. La negra l\u00ednea recta como eje principal destaca sobre los rect\u00e1ngulos de color que aplica, dotando la obra de ese dinamismo tan buscado y tan bien presentado. Para esta ocasi\u00f3n Pepa Satu\u00e9 nos obsequia con obra gr\u00e1fica compuesta por una serie de estampas donde la sencillez de vol\u00famenes se extiende sobre el papel. A su vez, presenta tambi\u00e9n obra \u00fanica de pintura donde las formas geom\u00e9tricas alcanzan un nuevo valor por la expresi\u00f3n del color que parece inundar todo el lienzo. CARLES VALVERDE, maestro de la geometr\u00eda intuitiva, nos presenta una serie de esculturas de metal junto a una serie de obra gr\u00e1fica original donde reina la creaci\u00f3n de vol\u00famenes y movimiento. Gracias a campos planos, con relieves potenciados con la incorporaci\u00f3n de piezas metalizadas mediante la t\u00e9cnica del collage que conforman el concepto fundamental. Caracterizado por una precisi\u00f3n de gran vigor y sobriedad, establece un di\u00e1logo con la arquitectura del espacio expositivo donde crea. Consigue jugar con el uso de materiales nobles con el color y la luz para expresarlo en un todo armonioso. En definitiva, con la inauguraci\u00f3n de la muestra 6 a SIS se pretende reivindicar que la relevancia no se encuentra en la similitud de estilo entre artistas, sino en la pasi\u00f3n que comparten por el trabajo, por la creaci\u00f3n. La pasi\u00f3n que cada uno de ellos pone de manifiesto en la obra propia y por el hecho de que han encontrado en el proceso de estampaci\u00f3n tradicional un mismo medio expresivo, gracias a la acogida por parte de la casa 6A. Como no pod\u00eda ser de otra manera, los SEIS creadores han querido estar presentes en las celebraciones del 40 aniversario del que hoy se ha convertido en una Instituci\u00f3n, pero en definitiva, su hogar, su refugio creativo y t\u00e9cnico est\u00e1 en la isla.<\/p>\n<p>CATALINA LAVROFF[\/vc_column_text][vc_empty_space height=\u00bb10px\u00bb][\/vc_column][\/vc_row]<\/p>\n<\/div>","protected":false},"excerpt":{"rendered":"<p>[vc_row css_animation=\u00bb\u00bb row_type=\u00bbrow\u00bb use_row_as_full_screen_section=\u00bbno\u00bb type=\u00bbfull_width\u00bb angled_section=\u00bbno\u00bb text_align=\u00bbleft\u00bb background_image_as_pattern=\u00bbwithout_pattern\u00bb css=\u00bb.vc_custom_1495899297494{padding-top: 60px !important;padding-right: 40px !important;padding-bottom: 50px !important;padding-left: 40px !important;background-color: #f6f6f6 !important;}\u00bb][vc_column][vc_single_image image=\u00bb18965&#8243;&#8230;<\/p>\n","protected":false},"author":2,"featured_media":18955,"menu_order":29,"comment_status":"open","ping_status":"closed","template":"","portfolio_category":[27],"portfolio_tag":[],"class_list":["post-18982","portfolio_page","type-portfolio_page","status-publish","has-post-thumbnail","hentry","portfolio_category-exposiciones"],"_links":{"self":[{"href":"https:\/\/6agaleriaart.com\/es\/wp-json\/wp\/v2\/portfolio_page\/18982","targetHints":{"allow":["GET"]}}],"collection":[{"href":"https:\/\/6agaleriaart.com\/es\/wp-json\/wp\/v2\/portfolio_page"}],"about":[{"href":"https:\/\/6agaleriaart.com\/es\/wp-json\/wp\/v2\/types\/portfolio_page"}],"author":[{"embeddable":true,"href":"https:\/\/6agaleriaart.com\/es\/wp-json\/wp\/v2\/users\/2"}],"replies":[{"embeddable":true,"href":"https:\/\/6agaleriaart.com\/es\/wp-json\/wp\/v2\/comments?post=18982"}],"wp:featuredmedia":[{"embeddable":true,"href":"https:\/\/6agaleriaart.com\/es\/wp-json\/wp\/v2\/media\/18955"}],"wp:attachment":[{"href":"https:\/\/6agaleriaart.com\/es\/wp-json\/wp\/v2\/media?parent=18982"}],"wp:term":[{"taxonomy":"portfolio_category","embeddable":true,"href":"https:\/\/6agaleriaart.com\/es\/wp-json\/wp\/v2\/portfolio_category?post=18982"},{"taxonomy":"portfolio_tag","embeddable":true,"href":"https:\/\/6agaleriaart.com\/es\/wp-json\/wp\/v2\/portfolio_tag?post=18982"}],"curies":[{"name":"wp","href":"https:\/\/api.w.org\/{rel}","templated":true}]}}

<div class="wpb-content-wrapper"><p>[vc_row css_animation=»» row_type=»row» use_row_as_full_screen_section=»no» type=»full_width» angled_section=»no» text_align=»left» background_image_as_pattern=»without_pattern» css=».vc_custom_1495899297494{padding-top: 60px !important;padding-right: 40px !important;padding-bottom: 50px !important;padding-left: 40px !important;background-color: #f6f6f6 !important;}»][vc_column][vc_single_image image=»18965&#8243; img_size=»full» alignment=»center» qode_css_animation=»»][vc_empty_space][vc_single_image image=»18962&#8243; img_size=»full» alignment=»center» qode_css_animation=»»][vc_empty_space][vc_single_image image=»18955&#8243; img_size=»full» alignment=»center» qode_css_animation=»»][vc_empty_space][vc_single_image image=»18959&#8243; img_size=»full» alignment=»center» qode_css_animation=»»][vc_empty_space][vc_single_image image=»18980&#8243; img_size=»full» alignment=»center» qode_css_animation=»»][vc_empty_space][vc_single_image image=»18968&#8243; img_size=»full» alignment=»center» qode_css_animation=»»][vc_empty_space][vc_single_image image=»18974&#8243; img_size=»full» alignment=»center» qode_css_animation=»»][vc_empty_space][vc_column_text]</p>
<h4>6ASIS / LOLA BERENGUER / EMMANUEL LAFONT / PABLO L. MARTÍNEZ / FERNANDO PAGOLA / PEPA SATUÉ / CARLES VALVERDE</h4>
<p>[/vc_column_text][vc_empty_space height=»10px»][vc_column_text]Una vez más 6A TALLER I GALERIA D’ART se enorgullece de presentar 6 A SIS, un proyecto encabezado por Lola Berenguer (El Ejido, Almería, 1965), Emmanuel Lafont (Buenos Aires, 1980), Pablo Leonardo Martínez (La Habana, Cuba, 1961), Fernando Pagola (San Sebastián, 1961), Pepa Satué (Sevilla, 1960) y Carlos Valverde (Barcelona, 1965). Continuando con la celebración del 40 aniversario de nuestro centro, hemos querido que quedara reflejado la estima que tanto nuestro equipo como los artistas tenemos en cuanto a los procesos artísticos y la preservación de las técnicas de estampación. Es por ese motivo que, sin aparente conexión de estilos, hemos juntado a estos seis artistas bajo el mismo techo. Siendo residentes fuera de Mallorca, todos ellos<br />
están unidos por el mismo lazo: la creación artística de obra gráfica original en el histórico Taller 6A, alma de la casa. LOLA BERENGUER, fiel a su estilo de abstracción geométrica, nos cautiva en esta ocasión gracias a nuevos patrones. Tanto en la obra gráfica original como en la obra única, la línea recta acentúa su presencia; las cuadrículas y los semicírculos se unen en un baile impregnados de color. Armonía y equilibrio son siempre sinónimos de la obra propia. EMMANUEL LAFONT nos sorprende por primera vez con un uso exagerado del color. Sus dos vertientes, una más surrealista y la otra hiperrealista, se unen y se desprenden de las composiciones monocromas para dar paso a una explosión de colores. Los sueños y la realidad se encuentran en una abstracción figurativa, donde muestra, por una parte, su percepción más fantástica en la obra gráfica; y por otro su realidad más íntima en la obra única. PABLO LEONARDO MARTÍNEZ nos obsequia con un culto a la madera. Después de haber trabajado con todo tipo de materiales, nos ofrece dos obras únicas en las que lo orgánico y lo abstracto se unen, se mezclan, y dan como resultado la serie Llavors, el retorno a la Tierra. Es la combinación perfecta entre lo natural y lo material. FERNANDO PAGOLA, haciendo honor a su lema “inevitable dibujar volúmenes”, nos abre sus puertas a sus dibujos de agenda. Se tratan de dibujos geométricos con volúmenes que muestran interés en la creación del espacio y de las formas a partir de su superposición. Su relación con la arquitectura y el espacio llaman de nuevo a nuestra puerta para presentarnos la parte más íntima, más propia, donde lo mecánico se transforma en figuras geométricas con una personalidad desbordante. PEPA SATUÉ presenta, una vez más, la inmensidad de los volúmenes y los juegos de la abstracción geométrica. La negra línea recta como eje principal destaca sobre los rectángulos de color que aplica, dotando la obra de ese dinamismo tan buscado y tan bien presentado. Para esta ocasión Pepa Satué nos obsequia con obra gráfica compuesta por una serie de estampas donde la sencillez de volúmenes se extiende sobre el papel. A su vez, presenta también obra única de pintura donde las formas geométricas alcanzan un nuevo valor por la expresión del color que parece inundar todo el lienzo. CARLES VALVERDE, maestro de la geometría intuitiva, nos presenta una serie de esculturas de metal junto a una serie de obra gráfica original donde reina la creación de volúmenes y movimiento. Gracias a campos planos, con relieves potenciados con la incorporación de piezas metalizadas mediante la técnica del collage que conforman el concepto fundamental. Caracterizado por una precisión de gran vigor y sobriedad, establece un diálogo con la arquitectura del espacio expositivo donde crea. Consigue jugar con el uso de materiales nobles con el color y la luz para expresarlo en un todo armonioso. En definitiva, con la inauguración de la muestra 6 a SIS se pretende reivindicar que la relevancia no se encuentra en la similitud de estilo entre artistas, sino en la pasión que comparten por el trabajo, por la creación. La pasión que cada uno de ellos pone de manifiesto en la obra propia y por el hecho de que han encontrado en el proceso de estampación tradicional un mismo medio expresivo, gracias a la acogida por parte de la casa 6A. Como no podía ser de otra manera, los SEIS creadores han querido estar presentes en las celebraciones del 40 aniversario del que hoy se ha convertido en una Institución, pero en definitiva, su hogar, su refugio creativo y técnico está en la isla.</p>
<p>CATALINA LAVROFF[/vc_column_text][vc_empty_space height=»10px»][/vc_column][/vc_row]</p>
</div>
