{"id":19949,"date":"2024-02-14T11:07:06","date_gmt":"2024-02-14T10:07:06","guid":{"rendered":"https:\/\/6agaleriaart.com\/?post_type=portfolio_page&#038;p=19949"},"modified":"2025-05-12T12:02:46","modified_gmt":"2025-05-12T10:02:46","slug":"iv-quatre-pintors","status":"publish","type":"portfolio_page","link":"https:\/\/6agaleriaart.com\/en\/portfolio_page\/iv-quatre-pintors\/","title":{"rendered":"IV PAINTERS \/ MATEU BAUZ\u00c0 \/ MARIA CARBONERO \/ RAFA FORTEZA \/ RAFEL JOAN"},"content":{"rendered":"<div class=\"wpb-content-wrapper\"><p>[vc_row css_animation=&#8221;&#8221; row_type=&#8221;row&#8221; use_row_as_full_screen_section=&#8221;no&#8221; type=&#8221;full_width&#8221; angled_section=&#8221;no&#8221; text_align=&#8221;left&#8221; background_image_as_pattern=&#8221;without_pattern&#8221; css=&#8221;.vc_custom_1495899297494{padding-top: 60px !important;padding-right: 40px !important;padding-bottom: 50px !important;padding-left: 40px !important;background-color: #f6f6f6 !important;}&#8221;][vc_column][vc_empty_space height=&#8221;10px&#8221;][vc_column_text]<\/p>\n<p style=\"text-align: center;\"><a href=\"https:\/\/6agaleriaart.com\/wp-content\/uploads\/2024\/02\/IV.pdf\"><img loading=\"lazy\" decoding=\"async\" class=\"alignnone size-medium wp-image-19906\" src=\"https:\/\/6agaleriaart.com\/wp-content\/uploads\/2024\/01\/3-300x300.png\" alt=\"\" width=\"300\" height=\"300\" srcset=\"https:\/\/6agaleriaart.com\/wp-content\/uploads\/2024\/01\/3-300x300.png 300w, https:\/\/6agaleriaart.com\/wp-content\/uploads\/2024\/01\/3-1024x1024.png 1024w, https:\/\/6agaleriaart.com\/wp-content\/uploads\/2024\/01\/3-150x150.png 150w, https:\/\/6agaleriaart.com\/wp-content\/uploads\/2024\/01\/3-768x768.png 768w, https:\/\/6agaleriaart.com\/wp-content\/uploads\/2024\/01\/3-570x570.png 570w, https:\/\/6agaleriaart.com\/wp-content\/uploads\/2024\/01\/3-500x500.png 500w, https:\/\/6agaleriaart.com\/wp-content\/uploads\/2024\/01\/3-1000x1000.png 1000w, https:\/\/6agaleriaart.com\/wp-content\/uploads\/2024\/01\/3-700x700.png 700w, https:\/\/6agaleriaart.com\/wp-content\/uploads\/2024\/01\/3.png 1080w\" sizes=\"auto, (max-width: 300px) 100vw, 300px\" \/><\/a><\/p>\n<p>[\/vc_column_text][vc_empty_space height=&#8221;10px&#8221;][vc_column_text]<\/p>\n<div class=\"page\" title=\"Page 1\">\n<div class=\"layoutArea\">\n<div class=\"column\">\n<h3><em>S\u00f3n IV, quatre pintors<\/em><\/h3>\n<p><em>Atrevida, i a moments valenta, \u00e9s la insist\u00e8ncia en proposar mostres que en una primera lectura semblen una contradicci\u00f3 de per si. En aquest nou cas la pintura, juntament amb les t\u00e8cniques d&#8217;estampaci\u00f3 tradicionals, ha unit quatre creadors definits, no encasellats, per ser excepcionals pintors. Els uneix el sentiment d&#8217;haver trobat en la pintura, una manera de comunicar-se amb el m\u00f3n. <\/em><\/p>\n<p><em>Sense ser intencionat esdevenen defensors de la bona pintura, reivindiquen el respecte per un mitj\u00e0 expressiu que els ha portat a explorar el seu &#8220;jo&#8221; m\u00e9s \u00edntim i profund. Cada un d\u2019ells abra\u00e7a traject\u00f2ries extenses, intenses, banyades d\u2019una total i absoluta coher\u00e8ncia. S\u00f3n pintors d\u2019excel\u00b7l\u00e8ncia, que es troben, es retroben, en i amb la Casa 6A, que insisteix en la qualitat de la cultura, en la cultura de qualitat. <\/em><\/p>\n<p><em>Una proposta tan complexa, tan singular, sols \u00e9s possible gr\u00e0cies a ells, i com no gr\u00e0cies a la pintura per la pintura. Aix\u00ed mateix a banda del que comen\u00e7a a ser evident, els quatre han trobat en la t\u00e8cnica litogr\u00e0fica un cam\u00ed infinit que suma a tot el que volen i necessiten dir. Sempre hem ent\u00e8s, \u00a0reivindicat, que l&#8217;obra gr\u00e0fica original \u00e9s un mitj\u00e0 expressiu en si mateix, labori\u00f3s, seri\u00f3s, amb la capacitat de sumar en l&#8217;obra pr\u00f2pia dels autors amb els que tenim el gran honor de col\u00b7laborar. Ells coincideixen en un discurs que marca el ritme de l\u2019esperit i la filosofia 6a. Ells s\u00f3n els protagonistes de la mostra conjunta &#8220;IV&#8221; que celebra, un cop m\u00e9s, la bona pintura i la bona obra gr\u00e0fica original, treballada i estampada en el Taller 6a. Els resultats de les seves estades en els nostres obradors confirma l&#8217;extraordinari domini de les t\u00e8cniques d&#8217;estampaci\u00f3 tradicionals, amb una especial atenci\u00f3 a la litografia original, per una banda i per l&#8217;altra com n&#8217;\u00e9s d&#8217;important el vincle de cada autor amb la Casa 6a que convida a processos d&#8217;investigaci\u00f3 amb la capacitat d&#8217;obrir i enriquir nous camins de creaci\u00f3.<\/em><\/p>\n<p><em>El vincle de MATEU BAUZ\u00c0 (Palma, 1950) amb el 6a es va iniciar cap all\u00e0 el 2019. El pintor trob\u00e0 en la t\u00e8cnica litogr\u00e0fica, a moments en combinaci\u00f3 amb la xilografia, un cam\u00ed del tot enriquidor per als seus paisatges abstractes depurats, fins a l&#8217;articulaci\u00f3 de camps de color profunds que deixen perdre&#8217;s l&#8217;anima de qui mira fins a l&#8217;infinit. Bauz\u00e0 ha for\u00e7at fins a l\u2019extrem la import\u00e0ncia del color treballat en base a capes i capes, per sobre dels horitzons, finestres a paisatges immensos. Ara el paisatge de Bauz\u00e0 esdev\u00e9 m\u00e9s \u00edntim que mai. Un periple per a l\u2019\u00e0nima. <\/em><\/p>\n<p><em>El vincle amb la Casa de la pintora MARIA CARBONERO (Palma, 1956) \u00e9s natural, es pot dir. No de bades fou una de les impulsores del projecte 6a l&#8217;any 1982. L\u2019idil\u00b7li de Carbonero amb les t\u00e8cniques d&#8217;estampaci\u00f3 tradicionals \u00e9s pot dir que \u00e9s de sempre. L&#8217;aportaci\u00f3 de la pintora a aquestes t\u00e8cniques ha enriquit el cam\u00ed de la investigaci\u00f3 fins a l&#8217;extrem. La pintura i l&#8217;obra gr\u00e0fica original s\u00f3n un en la pintora. L&#8217;expressionisme de gran pot\u00e8ncia visual que la caracteritza troba en la pintura sobre paper o sobre tela, i en les pedres litogr\u00e0fiques el seu habitat natural. Carbonero ens regala un cop m\u00e9s una lli\u00e7\u00f3 magistral de la pintura d\u2019entranya, que ens arriba gr\u00e0cies a una pinzellada visceral, viva, plena. <\/em><\/p>\n<p><em>RAFA FORTEZA (Palma, 1955) \u00e9s col\u00b7laborador habitual de la Casa 6a des de l&#8217;any 1986, quan el projecte estava en un estat embrionari sota el nom de Taller 6a, i que al llarg de m\u00e9s de quatre d\u00e8cades ha estat testimoni del creixement de nombrosos creadors de les Illes i de fora d&#8217;elles. Forteza \u00e9s reconegut per la pintura, trobant de sempre digna estada en el m\u00f3n de l&#8217;escultura. Per\u00f2 si el creador \u00e9s reconegut pict\u00f2ricament i escult\u00f2ricament, no queda enrere quan parlem del Rafa Forteza gravador. La seva labor en el camp de les t\u00e8cniques d&#8217;estampaci\u00f3 tradicionals l&#8217;ha portat a ser reconegut m\u00e9s enll\u00e0 dels l\u00edmits de la insularitat. Forteza domina les t\u00e8cniques d&#8217;estampaci\u00f3 a la perfecci\u00f3, i les ha convertit en un camp de recursos infinits que acaben en l&#8217;estampa amb una qualitat extraordin\u00e0ria. El cas de Forteza \u00e9s excepcional des del moment en que ha aconseguit un equilibri perfecte entre fet creatiu i recurs t\u00e8cnic. La t\u00e8cnica sovint condiciona el fet creatiu, Forteza \u00e9s \u00fanic fent-se seva qualsevol condici\u00f3 imposada per les matrius. L\u2019abstracci\u00f3 de Rafa Forteza, troba en la gr\u00e0fica un recurs que alleugera en part la necessitat desbordant creativa que caracteritza la seva manera de fer.<\/em><\/p>\n<p><em>RAFEL JOAN (Palma, 1957) inici\u00e0 el seu vincle amb la Casa 6A en els inicis. Les primeres edicions litogr\u00e0fiques daten de l&#8217;any 1985. Rafel Joan \u00e9s fidel a la pintura, m\u00e9s que la pintura al pintor. La relaci\u00f3 directa i transparent amb la natura, accentua la capacitat del pintor de fer-nos endinsar en les profunditats del paisatge, de la mar, a trav\u00e9s de la pinzellada, a moments ditades, a trav\u00e9s del color, per\u00f2 sobretot a trav\u00e9s de la incid\u00e8ncia del llum del sol sobre els tons que amaga la mar mediterr\u00e0nia o que resguarda l\u2019ombra d\u2019un arbre. La conviv\u00e8ncia de la pintura amb la natura, formen part del seu ser m\u00e9s profund. Rafel Joan \u00e9s gr\u00e0cies a la natura, gr\u00e0cies a la pintura. Per\u00f2 la natura \u00e9s sublim gr\u00e0cies a Rafel Joan, sens dubte. <\/em><\/p>\n<p><em>No \u00e9s m\u00e9s que un plaer immens ser testimonis directes del fet creatiu, un espectacle quan s\u00f3n les mans d\u2019aquests quatre grans, les que posen sobre la pedra litogr\u00e0fica. Rarament la pedra assoleix tanta passi\u00f3, creativitat, il\u00b7lusi\u00f3 i est\u00edmul quan qui signa i numera les estampes s\u00f3n els quatre pintors que han donat forma a la mostra a la que som convidats. Una exposici\u00f3 que celebra la vida sobre el llen\u00e7 i en les estampes. Perqu\u00e8 si una cosa ens regala la pintura, l\u2019obra, d\u2019aquests quatre reconeguts autors \u00e9s el sentir l\u2019\u00e0nima m\u00e9s viva que mai. \u00c9s un present per als sentits poder viure la pintura de Bauz\u00e0, Carbonero, Forteza i Joan, alhora i en un mateix lloc. Un cop m\u00e9s la Casa 6A regala una experi\u00e8ncia pict\u00f2rica i gr\u00e0fica \u00faniques a la Societat mallorquina.<\/em><\/p>\n<\/div>\n<\/div>\n<\/div>\n<p>[\/vc_column_text][vc_empty_space height=&#8221;10px&#8221;][\/vc_column][\/vc_row]<\/p>\n<\/div>","protected":false},"excerpt":{"rendered":"<p>[vc_row css_animation=&#8221;&#8221; row_type=&#8221;row&#8221; use_row_as_full_screen_section=&#8221;no&#8221; type=&#8221;full_width&#8221; angled_section=&#8221;no&#8221; text_align=&#8221;left&#8221; background_image_as_pattern=&#8221;without_pattern&#8221; css=&#8221;.vc_custom_1495899297494{padding-top: 60px !important;padding-right: 40px !important;padding-bottom: 50px !important;padding-left: 40px !important;background-color: #f6f6f6 !important;}&#8221;][vc_column][vc_empty_space height=&#8221;10px&#8221;][vc_column_text]&#8230;<\/p>\n","protected":false},"author":2,"featured_media":19940,"menu_order":29,"comment_status":"open","ping_status":"closed","template":"","portfolio_category":[28],"portfolio_tag":[],"class_list":["post-19949","portfolio_page","type-portfolio_page","status-publish","has-post-thumbnail","hentry","portfolio_category-exhibitions"],"_links":{"self":[{"href":"https:\/\/6agaleriaart.com\/en\/wp-json\/wp\/v2\/portfolio_page\/19949","targetHints":{"allow":["GET"]}}],"collection":[{"href":"https:\/\/6agaleriaart.com\/en\/wp-json\/wp\/v2\/portfolio_page"}],"about":[{"href":"https:\/\/6agaleriaart.com\/en\/wp-json\/wp\/v2\/types\/portfolio_page"}],"author":[{"embeddable":true,"href":"https:\/\/6agaleriaart.com\/en\/wp-json\/wp\/v2\/users\/2"}],"replies":[{"embeddable":true,"href":"https:\/\/6agaleriaart.com\/en\/wp-json\/wp\/v2\/comments?post=19949"}],"wp:featuredmedia":[{"embeddable":true,"href":"https:\/\/6agaleriaart.com\/en\/wp-json\/wp\/v2\/media\/19940"}],"wp:attachment":[{"href":"https:\/\/6agaleriaart.com\/en\/wp-json\/wp\/v2\/media?parent=19949"}],"wp:term":[{"taxonomy":"portfolio_category","embeddable":true,"href":"https:\/\/6agaleriaart.com\/en\/wp-json\/wp\/v2\/portfolio_category?post=19949"},{"taxonomy":"portfolio_tag","embeddable":true,"href":"https:\/\/6agaleriaart.com\/en\/wp-json\/wp\/v2\/portfolio_tag?post=19949"}],"curies":[{"name":"wp","href":"https:\/\/api.w.org\/{rel}","templated":true}]}}

IV PAINTERS / MATEU BAUZÀ / MARIA CARBONERO / RAFA FORTEZA / RAFEL JOAN

<div class="wpb-content-wrapper"><p>[vc_row css_animation=&#8221;&#8221; row_type=&#8221;row&#8221; use_row_as_full_screen_section=&#8221;no&#8221; type=&#8221;full_width&#8221; angled_section=&#8221;no&#8221; text_align=&#8221;left&#8221; background_image_as_pattern=&#8221;without_pattern&#8221; css=&#8221;.vc_custom_1495899297494{padding-top: 60px !important;padding-right: 40px !important;padding-bottom: 50px !important;padding-left: 40px !important;background-color: #f6f6f6 !important;}&#8221;][vc_column][vc_empty_space height=&#8221;10px&#8221;][vc_column_text]</p>
<p style="text-align: center;"><a href="https://6agaleriaart.com/wp-content/uploads/2024/02/IV.pdf"><img loading="lazy" decoding="async" class="alignnone size-medium wp-image-19906" src="https://6agaleriaart.com/wp-content/uploads/2024/01/3-300x300.png" alt="" width="300" height="300" srcset="https://6agaleriaart.com/wp-content/uploads/2024/01/3-300x300.png 300w, https://6agaleriaart.com/wp-content/uploads/2024/01/3-1024x1024.png 1024w, https://6agaleriaart.com/wp-content/uploads/2024/01/3-150x150.png 150w, https://6agaleriaart.com/wp-content/uploads/2024/01/3-768x768.png 768w, https://6agaleriaart.com/wp-content/uploads/2024/01/3-570x570.png 570w, https://6agaleriaart.com/wp-content/uploads/2024/01/3-500x500.png 500w, https://6agaleriaart.com/wp-content/uploads/2024/01/3-1000x1000.png 1000w, https://6agaleriaart.com/wp-content/uploads/2024/01/3-700x700.png 700w, https://6agaleriaart.com/wp-content/uploads/2024/01/3.png 1080w" sizes="auto, (max-width: 300px) 100vw, 300px" /></a></p>
<p>[/vc_column_text][vc_empty_space height=&#8221;10px&#8221;][vc_column_text]</p>
<div class="page" title="Page 1">
<div class="layoutArea">
<div class="column">
<h3><em>Són IV, quatre pintors</em></h3>
<p><em>Atrevida, i a moments valenta, és la insistència en proposar mostres que en una primera lectura semblen una contradicció de per si. En aquest nou cas la pintura, juntament amb les tècniques d&#8217;estampació tradicionals, ha unit quatre creadors definits, no encasellats, per ser excepcionals pintors. Els uneix el sentiment d&#8217;haver trobat en la pintura, una manera de comunicar-se amb el món. </em></p>
<p><em>Sense ser intencionat esdevenen defensors de la bona pintura, reivindiquen el respecte per un mitjà expressiu que els ha portat a explorar el seu &#8220;jo&#8221; més íntim i profund. Cada un d’ells abraça trajectòries extenses, intenses, banyades d’una total i absoluta coherència. Són pintors d’excel·lència, que es troben, es retroben, en i amb la Casa 6A, que insisteix en la qualitat de la cultura, en la cultura de qualitat. </em></p>
<p><em>Una proposta tan complexa, tan singular, sols és possible gràcies a ells, i com no gràcies a la pintura per la pintura. Així mateix a banda del que comença a ser evident, els quatre han trobat en la tècnica litogràfica un camí infinit que suma a tot el que volen i necessiten dir. Sempre hem entès,  reivindicat, que l&#8217;obra gràfica original és un mitjà expressiu en si mateix, laboriós, seriós, amb la capacitat de sumar en l&#8217;obra pròpia dels autors amb els que tenim el gran honor de col·laborar. Ells coincideixen en un discurs que marca el ritme de l’esperit i la filosofia 6a. Ells són els protagonistes de la mostra conjunta &#8220;IV&#8221; que celebra, un cop més, la bona pintura i la bona obra gràfica original, treballada i estampada en el Taller 6a. Els resultats de les seves estades en els nostres obradors confirma l&#8217;extraordinari domini de les tècniques d&#8217;estampació tradicionals, amb una especial atenció a la litografia original, per una banda i per l&#8217;altra com n&#8217;és d&#8217;important el vincle de cada autor amb la Casa 6a que convida a processos d&#8217;investigació amb la capacitat d&#8217;obrir i enriquir nous camins de creació.</em></p>
<p><em>El vincle de MATEU BAUZÀ (Palma, 1950) amb el 6a es va iniciar cap allà el 2019. El pintor trobà en la tècnica litogràfica, a moments en combinació amb la xilografia, un camí del tot enriquidor per als seus paisatges abstractes depurats, fins a l&#8217;articulació de camps de color profunds que deixen perdre&#8217;s l&#8217;anima de qui mira fins a l&#8217;infinit. Bauzà ha forçat fins a l’extrem la importància del color treballat en base a capes i capes, per sobre dels horitzons, finestres a paisatges immensos. Ara el paisatge de Bauzà esdevé més íntim que mai. Un periple per a l’ànima. </em></p>
<p><em>El vincle amb la Casa de la pintora MARIA CARBONERO (Palma, 1956) és natural, es pot dir. No de bades fou una de les impulsores del projecte 6a l&#8217;any 1982. L’idil·li de Carbonero amb les tècniques d&#8217;estampació tradicionals és pot dir que és de sempre. L&#8217;aportació de la pintora a aquestes tècniques ha enriquit el camí de la investigació fins a l&#8217;extrem. La pintura i l&#8217;obra gràfica original són un en la pintora. L&#8217;expressionisme de gran potència visual que la caracteritza troba en la pintura sobre paper o sobre tela, i en les pedres litogràfiques el seu habitat natural. Carbonero ens regala un cop més una lliçó magistral de la pintura d’entranya, que ens arriba gràcies a una pinzellada visceral, viva, plena. </em></p>
<p><em>RAFA FORTEZA (Palma, 1955) és col·laborador habitual de la Casa 6a des de l&#8217;any 1986, quan el projecte estava en un estat embrionari sota el nom de Taller 6a, i que al llarg de més de quatre dècades ha estat testimoni del creixement de nombrosos creadors de les Illes i de fora d&#8217;elles. Forteza és reconegut per la pintura, trobant de sempre digna estada en el món de l&#8217;escultura. Però si el creador és reconegut pictòricament i escultòricament, no queda enrere quan parlem del Rafa Forteza gravador. La seva labor en el camp de les tècniques d&#8217;estampació tradicionals l&#8217;ha portat a ser reconegut més enllà dels límits de la insularitat. Forteza domina les tècniques d&#8217;estampació a la perfecció, i les ha convertit en un camp de recursos infinits que acaben en l&#8217;estampa amb una qualitat extraordinària. El cas de Forteza és excepcional des del moment en que ha aconseguit un equilibri perfecte entre fet creatiu i recurs tècnic. La tècnica sovint condiciona el fet creatiu, Forteza és únic fent-se seva qualsevol condició imposada per les matrius. L’abstracció de Rafa Forteza, troba en la gràfica un recurs que alleugera en part la necessitat desbordant creativa que caracteritza la seva manera de fer.</em></p>
<p><em>RAFEL JOAN (Palma, 1957) inicià el seu vincle amb la Casa 6A en els inicis. Les primeres edicions litogràfiques daten de l&#8217;any 1985. Rafel Joan és fidel a la pintura, més que la pintura al pintor. La relació directa i transparent amb la natura, accentua la capacitat del pintor de fer-nos endinsar en les profunditats del paisatge, de la mar, a través de la pinzellada, a moments ditades, a través del color, però sobretot a través de la incidència del llum del sol sobre els tons que amaga la mar mediterrània o que resguarda l’ombra d’un arbre. La convivència de la pintura amb la natura, formen part del seu ser més profund. Rafel Joan és gràcies a la natura, gràcies a la pintura. Però la natura és sublim gràcies a Rafel Joan, sens dubte. </em></p>
<p><em>No és més que un plaer immens ser testimonis directes del fet creatiu, un espectacle quan són les mans d’aquests quatre grans, les que posen sobre la pedra litogràfica. Rarament la pedra assoleix tanta passió, creativitat, il·lusió i estímul quan qui signa i numera les estampes són els quatre pintors que han donat forma a la mostra a la que som convidats. Una exposició que celebra la vida sobre el llenç i en les estampes. Perquè si una cosa ens regala la pintura, l’obra, d’aquests quatre reconeguts autors és el sentir l’ànima més viva que mai. És un present per als sentits poder viure la pintura de Bauzà, Carbonero, Forteza i Joan, alhora i en un mateix lloc. Un cop més la Casa 6A regala una experiència pictòrica i gràfica úniques a la Societat mallorquina.</em></p>
</div>
</div>
</div>
<p>[/vc_column_text][vc_empty_space height=&#8221;10px&#8221;][/vc_column][/vc_row]</p>
</div>
