{"id":19799,"date":"2024-01-29T12:41:09","date_gmt":"2024-01-29T11:41:09","guid":{"rendered":"https:\/\/6agaleriaart.com\/?post_type=portfolio_page&#038;p=19799"},"modified":"2025-05-12T12:03:46","modified_gmt":"2025-05-12T10:03:46","slug":"maculaturas-de-fernando-pagola","status":"publish","type":"portfolio_page","link":"https:\/\/6agaleriaart.com\/en\/portfolio_page\/maculaturas-by-fernando-pagola\/","title":{"rendered":"MACULATURAS \/ FERNANDO PAGOLA"},"content":{"rendered":"<div class=\"wpb-content-wrapper\"><p>[vc_row css_animation=&#8221;&#8221; row_type=&#8221;row&#8221; use_row_as_full_screen_section=&#8221;no&#8221; type=&#8221;full_width&#8221; angled_section=&#8221;no&#8221; text_align=&#8221;left&#8221; background_image_as_pattern=&#8221;without_pattern&#8221;][vc_column][vc_empty_space][vc_gallery type=&#8221;image_grid&#8221; images=&#8221;19797,19794,19791,19788,19785,19782,19779,19776,19773,19770,19767,19764,19761,19755,19752,19749,19746,19743,19740,19737,19734,19731,19728,19725,19722,19719,19716,19713,19710,19707,19704&#8243; img_size=&#8221;full&#8221; column_number=&#8221;2&#8243; grayscale=&#8221;no&#8221; images_space=&#8221;gallery_with_space&#8221;][vc_empty_space][vc_column_text]<\/p>\n<p style=\"text-align: center;\"><a href=\"https:\/\/6agaleriaart.com\/wp-content\/uploads\/2024\/02\/MACULATURAS-de-FERNANDO-PAGOLA-1.pdf\"><img loading=\"lazy\" decoding=\"async\" class=\"alignnone size-medium wp-image-19906\" src=\"https:\/\/6agaleriaart.com\/wp-content\/uploads\/2024\/01\/3-300x300.png\" alt=\"\" width=\"300\" height=\"300\" srcset=\"https:\/\/6agaleriaart.com\/wp-content\/uploads\/2024\/01\/3-300x300.png 300w, https:\/\/6agaleriaart.com\/wp-content\/uploads\/2024\/01\/3-1024x1024.png 1024w, https:\/\/6agaleriaart.com\/wp-content\/uploads\/2024\/01\/3-150x150.png 150w, https:\/\/6agaleriaart.com\/wp-content\/uploads\/2024\/01\/3-768x768.png 768w, https:\/\/6agaleriaart.com\/wp-content\/uploads\/2024\/01\/3-570x570.png 570w, https:\/\/6agaleriaart.com\/wp-content\/uploads\/2024\/01\/3-500x500.png 500w, https:\/\/6agaleriaart.com\/wp-content\/uploads\/2024\/01\/3-1000x1000.png 1000w, https:\/\/6agaleriaart.com\/wp-content\/uploads\/2024\/01\/3-700x700.png 700w, https:\/\/6agaleriaart.com\/wp-content\/uploads\/2024\/01\/3.png 1080w\" sizes=\"auto, (max-width: 300px) 100vw, 300px\" \/><\/a><\/p>\n<p>[\/vc_column_text][vc_empty_space][vc_column_text]<em>Maculatures<\/em> \u00e9s el resultat de saber reposar en el temps una intensa experi\u00e8ncia t\u00e8cnica i una experi\u00e8ncia creativa molt pr\u00f2pia. S\u00f3n plecs que no es rebutgen, no s\u00f3n plecs mal estampats ni tacats. S\u00f3n obres nobles, s\u00f3n estampes d&#8217;excel\u00b7l\u00e8ncia, que formen part d&#8217;un <em>corpus<\/em> d&#8217;obra gr\u00e0fica original magn\u00edfic, signat i numerat per Fernando Pagola (Sant Sebasti\u00e0, 1961).<\/p>\n<p>La primera vegada que el pintor va allotjar la seva creativitat en el Taller 6a, va ser l\u2019any 2010. Els resultats juntament amb obres \u00faniques es van presentar en societat sota el t\u00edtol <em>A l&#8217;ombra de Perkain<\/em>. El dia que va acabar la seva estada en el Taller, despr\u00e9s de mesos intensos de treball, va articular una sola frase: <em>\u201cAra \u00e9s quan comen\u00e7aria de nou\u201d<\/em>. Avui aquesta afirmaci\u00f3, llavors amb cert pesar, cobra un nou sentit. Fou just en aquell instant on va comen\u00e7ar a reposar, a assumir, el qu\u00e8 13 anys despr\u00e9s s&#8217;ha convertit en la seva segona mostra individual a la Casa 6a.<\/p>\n<p>Podr\u00edem estar davant d\u2019una necessitat creativa, a moments vital, amb la capacitat d&#8217;apoderar-se de la t\u00e8cnica i de totes les possibilitats que ofereix un suport paper poc convencional. Va saber el pintor recon\u00e8ixer en les petjades que anaven deixant les estampacions de les edicions sobre les m\u00e0cules, un important est\u00edmul per a obrir noves vies de creaci\u00f3. Del que no \u00e9rem conscients \u00e9s que comportaria un gran repte t\u00e8cnic, nom\u00e9s superat gr\u00e0cies a un m\u00e0 a m\u00e0 entre l&#8217;artista i el cap t\u00e8cnic del Taller 6a, Francesc Campins.<\/p>\n<p>Certament l&#8217;incessant desenvolupament en el camp de la recerca ha estat clau al llarg de m\u00e9s de 40 anys d&#8217;hist\u00f2ria dedicats a les t\u00e8cniques d&#8217;estampaci\u00f3 tradicionals. Hem sabut encarar els reptes, per\u00f2 tamb\u00e9 superar-los. \u00c9s un mode de fer, una filosofia, que ens aproxima a una obra gr\u00e0fica original de gran nivell, exigent.<\/p>\n<p>Agra\u00efm poder col\u00b7laborar amb autors d&#8217;una obra coherent i honesta, que lluny de conformar-se se sotmeten a la recerca constant. Aquest inconformisme ens fa cr\u00e9ixer, siguem t\u00e8cnics, o mers espectadors. Pagola n\u2019\u00e9s un clar exemple.<\/p>\n<p>El nostre objectiu \u00e9s i ha de ser sempre, satisfer els processos creatius dels autors, generant projectes expositius amb el segell de l&#8217;excel\u00b7l\u00e8ncia i la qualitat, en els quals l&#8217;obra \u00fanica conviu en equilibri amb l&#8217;obra gr\u00e0fica original com a mitjans expressius aut\u00f2noms, encara que complementaris.<\/p>\n<p>El repte t\u00e8cnic al qual ens ha convidat Fernando Pagola ens ha allunyat en gran manera de la zona de confort que ofereix el paper de cot\u00f3 100% , per a iniciar una travessia sobre el paper Manila i el paper de seda. Papers destinats habitualment a proves, a protegir l&#8217;estampa durant processos d&#8217;estampaci\u00f3, assecat i planxat. Papers poc nobles, que al primer tacte afavoreixen molt poques opcions.<\/p>\n<p>Vet aqu\u00ed la capacitat de qui se sap coneixedor dels papers m\u00e9s dispars de poc gramatge, de convertir el que a ulls de molts seria poc noble, en bellesa, en obra, en art. Aquesta mostra t\u00e9 nom propi sens dubte: Fernando Pagola.<\/p>\n<p>Plecs que van creant obres en base a geometries estudiades, pl\u00e0nols de color intensos, jocs de profunditat i superposici\u00f3, gr\u00e0cies a la finor del propi suport i les conseq\u00fcents transpar\u00e8ncies. De sobte les cicatrius en el paper es tornen belles, sumen, no s\u00f3n errors t\u00e8cnics, formen part de la consci\u00e8ncia de la pr\u00f2pia obra.<\/p>\n<p>Fernando Pagola ha sabut veure en l&#8217;aparent pobresa i fragilitat d&#8217;un material, noblesa gr\u00e0cies a treballar-lo amb respecte i delicadesa.<\/p>\n<p>El <em>corpus<\/em> d&#8217;obra gr\u00e0fica original s&#8217;acompanya d&#8217;una magn\u00edfica s\u00e8rie d&#8217;obres \u00faniques sobre paper muntades en fusta, que fan de <em>Maculatures<\/em> una mostra completa, rigorosa, s\u00f2lida i noble, que lluny de tancar un cicle, ens convida a veure bellesa on abans mostrarem indifer\u00e8ncia davant el m\u00e9s com\u00fa, en el nostre taller, en l\u2019exposici\u00f3, en la vida mateixa, sense fi.[\/vc_column_text][\/vc_column][vc_column][vc_empty_space][\/vc_column][\/vc_row]<\/p>\n<\/div>","protected":false},"excerpt":{"rendered":"<p>[vc_row css_animation=&#8221;&#8221; row_type=&#8221;row&#8221; use_row_as_full_screen_section=&#8221;no&#8221; type=&#8221;full_width&#8221; angled_section=&#8221;no&#8221; text_align=&#8221;left&#8221; background_image_as_pattern=&#8221;without_pattern&#8221;][vc_column][vc_empty_space][vc_gallery type=&#8221;image_grid&#8221; images=&#8221;19797,19794,19791,19788,19785,19782,19779,19776,19773,19770,19767,19764,19761,19755,19752,19749,19746,19743,19740,19737,19734,19731,19728,19725,19722,19719,19716,19713,19710,19707,19704&#8243; img_size=&#8221;full&#8221; column_number=&#8221;2&#8243; grayscale=&#8221;no&#8221; images_space=&#8221;gallery_with_space&#8221;][vc_empty_space][vc_column_text] [\/vc_column_text][vc_empty_space][vc_column_text]Maculatures \u00e9s el resultat de saber&#8230;<\/p>\n","protected":false},"author":2,"featured_media":19797,"menu_order":30,"comment_status":"open","ping_status":"closed","template":"","portfolio_category":[28],"portfolio_tag":[],"class_list":["post-19799","portfolio_page","type-portfolio_page","status-publish","has-post-thumbnail","hentry","portfolio_category-exhibitions"],"_links":{"self":[{"href":"https:\/\/6agaleriaart.com\/en\/wp-json\/wp\/v2\/portfolio_page\/19799","targetHints":{"allow":["GET"]}}],"collection":[{"href":"https:\/\/6agaleriaart.com\/en\/wp-json\/wp\/v2\/portfolio_page"}],"about":[{"href":"https:\/\/6agaleriaart.com\/en\/wp-json\/wp\/v2\/types\/portfolio_page"}],"author":[{"embeddable":true,"href":"https:\/\/6agaleriaart.com\/en\/wp-json\/wp\/v2\/users\/2"}],"replies":[{"embeddable":true,"href":"https:\/\/6agaleriaart.com\/en\/wp-json\/wp\/v2\/comments?post=19799"}],"wp:featuredmedia":[{"embeddable":true,"href":"https:\/\/6agaleriaart.com\/en\/wp-json\/wp\/v2\/media\/19797"}],"wp:attachment":[{"href":"https:\/\/6agaleriaart.com\/en\/wp-json\/wp\/v2\/media?parent=19799"}],"wp:term":[{"taxonomy":"portfolio_category","embeddable":true,"href":"https:\/\/6agaleriaart.com\/en\/wp-json\/wp\/v2\/portfolio_category?post=19799"},{"taxonomy":"portfolio_tag","embeddable":true,"href":"https:\/\/6agaleriaart.com\/en\/wp-json\/wp\/v2\/portfolio_tag?post=19799"}],"curies":[{"name":"wp","href":"https:\/\/api.w.org\/{rel}","templated":true}]}}

<div class="wpb-content-wrapper"><p>[vc_row css_animation=&#8221;&#8221; row_type=&#8221;row&#8221; use_row_as_full_screen_section=&#8221;no&#8221; type=&#8221;full_width&#8221; angled_section=&#8221;no&#8221; text_align=&#8221;left&#8221; background_image_as_pattern=&#8221;without_pattern&#8221;][vc_column][vc_empty_space][vc_gallery type=&#8221;image_grid&#8221; images=&#8221;19797,19794,19791,19788,19785,19782,19779,19776,19773,19770,19767,19764,19761,19755,19752,19749,19746,19743,19740,19737,19734,19731,19728,19725,19722,19719,19716,19713,19710,19707,19704&#8243; img_size=&#8221;full&#8221; column_number=&#8221;2&#8243; grayscale=&#8221;no&#8221; images_space=&#8221;gallery_with_space&#8221;][vc_empty_space][vc_column_text]</p>
<p style="text-align: center;"><a href="https://6agaleriaart.com/wp-content/uploads/2024/02/MACULATURAS-de-FERNANDO-PAGOLA-1.pdf"><img loading="lazy" decoding="async" class="alignnone size-medium wp-image-19906" src="https://6agaleriaart.com/wp-content/uploads/2024/01/3-300x300.png" alt="" width="300" height="300" srcset="https://6agaleriaart.com/wp-content/uploads/2024/01/3-300x300.png 300w, https://6agaleriaart.com/wp-content/uploads/2024/01/3-1024x1024.png 1024w, https://6agaleriaart.com/wp-content/uploads/2024/01/3-150x150.png 150w, https://6agaleriaart.com/wp-content/uploads/2024/01/3-768x768.png 768w, https://6agaleriaart.com/wp-content/uploads/2024/01/3-570x570.png 570w, https://6agaleriaart.com/wp-content/uploads/2024/01/3-500x500.png 500w, https://6agaleriaart.com/wp-content/uploads/2024/01/3-1000x1000.png 1000w, https://6agaleriaart.com/wp-content/uploads/2024/01/3-700x700.png 700w, https://6agaleriaart.com/wp-content/uploads/2024/01/3.png 1080w" sizes="auto, (max-width: 300px) 100vw, 300px" /></a></p>
<p>[/vc_column_text][vc_empty_space][vc_column_text]<em>Maculatures</em> és el resultat de saber reposar en el temps una intensa experiència tècnica i una experiència creativa molt pròpia. Són plecs que no es rebutgen, no són plecs mal estampats ni tacats. Són obres nobles, són estampes d&#8217;excel·lència, que formen part d&#8217;un <em>corpus</em> d&#8217;obra gràfica original magnífic, signat i numerat per Fernando Pagola (Sant Sebastià, 1961).</p>
<p>La primera vegada que el pintor va allotjar la seva creativitat en el Taller 6a, va ser l’any 2010. Els resultats juntament amb obres úniques es van presentar en societat sota el títol <em>A l&#8217;ombra de Perkain</em>. El dia que va acabar la seva estada en el Taller, després de mesos intensos de treball, va articular una sola frase: <em>“Ara és quan començaria de nou”</em>. Avui aquesta afirmació, llavors amb cert pesar, cobra un nou sentit. Fou just en aquell instant on va començar a reposar, a assumir, el què 13 anys després s&#8217;ha convertit en la seva segona mostra individual a la Casa 6a.</p>
<p>Podríem estar davant d’una necessitat creativa, a moments vital, amb la capacitat d&#8217;apoderar-se de la tècnica i de totes les possibilitats que ofereix un suport paper poc convencional. Va saber el pintor reconèixer en les petjades que anaven deixant les estampacions de les edicions sobre les màcules, un important estímul per a obrir noves vies de creació. Del que no érem conscients és que comportaria un gran repte tècnic, només superat gràcies a un mà a mà entre l&#8217;artista i el cap tècnic del Taller 6a, Francesc Campins.</p>
<p>Certament l&#8217;incessant desenvolupament en el camp de la recerca ha estat clau al llarg de més de 40 anys d&#8217;història dedicats a les tècniques d&#8217;estampació tradicionals. Hem sabut encarar els reptes, però també superar-los. És un mode de fer, una filosofia, que ens aproxima a una obra gràfica original de gran nivell, exigent.</p>
<p>Agraïm poder col·laborar amb autors d&#8217;una obra coherent i honesta, que lluny de conformar-se se sotmeten a la recerca constant. Aquest inconformisme ens fa créixer, siguem tècnics, o mers espectadors. Pagola n’és un clar exemple.</p>
<p>El nostre objectiu és i ha de ser sempre, satisfer els processos creatius dels autors, generant projectes expositius amb el segell de l&#8217;excel·lència i la qualitat, en els quals l&#8217;obra única conviu en equilibri amb l&#8217;obra gràfica original com a mitjans expressius autònoms, encara que complementaris.</p>
<p>El repte tècnic al qual ens ha convidat Fernando Pagola ens ha allunyat en gran manera de la zona de confort que ofereix el paper de cotó 100% , per a iniciar una travessia sobre el paper Manila i el paper de seda. Papers destinats habitualment a proves, a protegir l&#8217;estampa durant processos d&#8217;estampació, assecat i planxat. Papers poc nobles, que al primer tacte afavoreixen molt poques opcions.</p>
<p>Vet aquí la capacitat de qui se sap coneixedor dels papers més dispars de poc gramatge, de convertir el que a ulls de molts seria poc noble, en bellesa, en obra, en art. Aquesta mostra té nom propi sens dubte: Fernando Pagola.</p>
<p>Plecs que van creant obres en base a geometries estudiades, plànols de color intensos, jocs de profunditat i superposició, gràcies a la finor del propi suport i les conseqüents transparències. De sobte les cicatrius en el paper es tornen belles, sumen, no són errors tècnics, formen part de la consciència de la pròpia obra.</p>
<p>Fernando Pagola ha sabut veure en l&#8217;aparent pobresa i fragilitat d&#8217;un material, noblesa gràcies a treballar-lo amb respecte i delicadesa.</p>
<p>El <em>corpus</em> d&#8217;obra gràfica original s&#8217;acompanya d&#8217;una magnífica sèrie d&#8217;obres úniques sobre paper muntades en fusta, que fan de <em>Maculatures</em> una mostra completa, rigorosa, sòlida i noble, que lluny de tancar un cicle, ens convida a veure bellesa on abans mostrarem indiferència davant el més comú, en el nostre taller, en l’exposició, en la vida mateixa, sense fi.[/vc_column_text][/vc_column][vc_column][vc_empty_space][/vc_column][/vc_row]</p>
</div>

<p>[vc_row css_animation=&#8221;&#8221; row_type=&#8221;row&#8221; use_row_as_full_screen_section=&#8221;no&#8221; type=&#8221;full_width&#8221; angled_section=&#8221;no&#8221; text_align=&#8221;left&#8221; background_image_as_pattern=&#8221;without_pattern&#8221;][vc_column][vc_empty_space][vc_gallery type=&#8221;image_grid&#8221; images=&#8221;19797,19794,19791,19788,19785,19782,19779,19776,19773,19770,19767,19764,19761,19755,19752,19749,19746,19743,19740,19737,19734,19731,19728,19725,19722,19719,19716,19713,19710,19707,19704&#8243; img_size=&#8221;full&#8221; column_number=&#8221;2&#8243; grayscale=&#8221;no&#8221; images_space=&#8221;gallery_with_space&#8221;][vc_empty_space][vc_column_text] [/vc_column_text][vc_empty_space][vc_column_text]Maculatures és el resultat de saber&#8230;</p>
